1. Suppose l = 5*h - 0. Let d = 22 - h. Calculate the highest common factor of 12 and d.
6
Suppose 2*c - 76 = -4*i, c + 142 = 4*c - i. What is the highest common divisor of c and 138?
46
Suppose 26*z - 79 = 233. Suppose -4*g + 338 = -n - 0*n, 2*g - n = 170. What is the greatest common divisor of g and z?
12
Let u = -235 - -247. What is the highest common factor of u and 444?
12
Let q be (-591)/(-12) + (-2)/8. Let b = -7 + q. What is the highest common divisor of b and 6?
6
Suppose -3*h = 5*v - 13, -h - 2*v - 5 = 2*v. Let x = h - 7. Suppose -30*m - 15*m + 180 = 0. What is the greatest common factor of m and x?
4
Let d = 10 + 2. Suppose 2*q + 4*i = 20, 0 = -4*q + 7*q - 2*i - 6. Suppose -7 + 135 = 4*t - q*l, -3*l + 12 = 0. What is the greatest common factor of t and d?
12
Suppose 4*u + 74 = 3*q, 0 = -q - 5*u + 34 - 3. What is the highest common factor of 14 and q?
2
Let k be 2 + (-5110)/(-4) - (-18)/36. Calculate the greatest common divisor of k and 48.
16
Suppose -3*d + 4*i + 364 + 694 = 0, 4*d - 4*i = 1408. What is the highest common factor of 14 and d?
14
Let s(h) = h**2 + 8*h - 11. Let p be s(-10). Let u(c) = -c**3 + 7*c**2 - 3*c - 5. Let g be u(6). Let q = g - p. Calculate the greatest common factor of 6 and q.
2
Let t(q) = q**3 + 2*q**2 + q - 2. Let m be t(2). Suppose 28 = l - 5*h, 5*l - m = 2*h + 32. What is the highest common divisor of 20 and l?
4
Suppose -10*t = -82 - 1668. Calculate the greatest common factor of 14 and t.
7
Let z(w) be the second derivative of -w**3/6 - 5*w**2/2 + w. Suppose 3 = -3*d, -3*c + d - 12 = 8. Let x be z(c). What is the highest common divisor of 2 and x?
2
Let d = 48 + -50. Let l be (7 - (-50)/(-8))/(d/(-40)). What is the highest common divisor of 60 and l?
15
Suppose -2*d = 5*a, 3*a - 3*d = -d. Let r(j) = -j**2 - 9*j + 1. Let i be r(-9). Let o be (-1 - -5)*(i - a). Calculate the highest common divisor of 4 and o.
4
Let v(b) = 60*b**2 + 31*b + 2. Let w be v(-2). What is the greatest common divisor of w and 45?
45
Let y(a) = -a - 10. Let n be y(-23). Let r be (-268)/(-9) - 2/(-9). Let x = -17 + r. Calculate the highest common factor of n and x.
13
Let j = 906 + -881. Calculate the greatest common divisor of j and 475.
25
Let b(g) = 6*g**2 + 6*g + 2. Let y be b(-6). Let x = 38 - 55. Let s = y + x. What is the greatest common divisor of s and 15?
15
Let f be 3*2/6*1. Let h(l) = -l - 7. Let y be h(-9). Let z be y/11 + 75/11. Calculate the highest common divisor of f and z.
1
Suppose 0 = -3*q + 4*v - 3, -q - 3 = -6*q + 4*v. What is the greatest common divisor of 993 and q?
3
Let a be 5/(-2)*2*-1. Suppose 0 = 22*t - 83 - 797. What is the highest common divisor of t and a?
5
Let z be (-1 - -1) + 19 + 21. Calculate the greatest common factor of 112 and z.
8
Let u(a) = -2*a + 31. Let c be u(17). Let m be c - 2/(-2)*33. Calculate the greatest common divisor of 20 and m.
10
Let k = -474 - -654. What is the greatest common divisor of k and 45?
45
Let s(h) = -h**2 - 7*h + 64. Let g be s(-11). Let o(q) = -3*q - 1. Let u be o(-3). Calculate the highest common divisor of g and u.
4
Let c(n) = 83*n**2 - 3*n + 10. Let g be c(2). Calculate the greatest common divisor of 42 and g.
42
Let b = -181 - -301. What is the highest common factor of 440 and b?
40
Let p(l) = l**2 - 15*l - 15. Let n be (-210)/(-13) - 6/39. Let a be p(n). Calculate the greatest common factor of a and 3.
1
Let u be (1 + -4 - -1) + 8. Suppose -2*a + 56 = 4*q, u*a + 42 = 3*q + 2*a. What is the highest common factor of q and 112?
14
Let g(r) = r + 3. Let i be g(5). Let x be (-2)/i - 153/(-4). Let k = -1312 + 1331. Calculate the highest common factor of k and x.
19
Let x(h) = h - 7. Let o be x(11). Suppose c - o*c = -6, -4*z + 2*c + 272 = 0. Calculate the highest common divisor of z and 46.
23
Let s be 222/(-8)*600/(-225). What is the greatest common factor of s and 185?
37
Let v be (-115)/(4/(-6) - 1/3). Suppose -2*n = -5*n + h + v, 0 = 2*n - 5*h - 94. Calculate the greatest common factor of n and 37.
37
Let z be ((-112)/(-35))/((-4)/(-50)). Suppose -2*m = 4*c - 9 - 11, -4*m + z = -5*c. Let y be (3 - m/(-6))*18. Calculate the highest common factor of y and 21.
21
Suppose -290 = 4*w - 334. Calculate the highest common divisor of 209 and w.
11
Let c = -5 - -12. Let j be 952/70 + 8/20. What is the highest common divisor of c and j?
7
Suppose 4*f + 17 = 3*y - 331, -12 = 4*f. Calculate the highest common factor of y and 64.
16
Suppose 7*o = 4*o - 18. Let x be (-5 - o) + (175 - 0). Suppose -4*f - j - 39 + 104 = 0, -f - 3*j = -19. What is the greatest common factor of x and f?
16
Let c be (-20)/25 + (-316)/(-20). Let b be ((-44)/(-6))/((-4)/(-90)). Calculate the greatest common factor of c and b.
15
Let b be -4 + 1 - 1*-20. Suppose -3*h = -i + 15, -2*h - b = -7*i + 4*i. Suppose -i*t + 144 = -0*t. What is the highest common factor of t and 12?
12
Let p(j) = 56*j - 32. Let h be p(1). Calculate the highest common divisor of 24 and h.
24
Let y be 87 - (-1 - (1 + 2)). Suppose 0 = o - v - 46 + 12, 0 = 4*o + 5*v - y. What is the highest common divisor of o and 29?
29
Let v(y) = -y**3 - 12*y**2 - 12*y - 9. Let l be v(-11). Suppose u - l = 0, -2*u - 12 = -2*p + p. What is the greatest common divisor of p and 176?
16
Suppose 5*w = 5*m, 2*m + 1 = 7. Suppose -2*r = -2*h + 7*h - 56, -w*r = h - 19. What is the highest common factor of 35 and h?
5
Let h = -102 - -111. Let z be (-132)/h*(-6)/4 - -4. What is the highest common factor of 65 and z?
13
Let p = -210 + 217. What is the greatest common factor of 56 and p?
7
Let u(g) = g**3 + 6*g**2 - 14*g - 2. Let f be u(3). Calculate the highest common factor of f and 481.
37
Suppose -n + 2 = -2. Suppose 3*a + 22 = 5*a + r, n*r = -3*a + 28. Suppose 148 = 3*b - 248. Calculate the highest common factor of b and a.
12
Let h be 2/5*(-435)/(-6). What is the greatest common divisor of 841 and h?
29
Suppose c = -2*y - 2*y + 66, -3*y + 44 = -2*c. Suppose 12*o - 7*o = 20. What is the greatest common factor of y and o?
4
Suppose 3*s + 5 + 1 = 0. Let q be (s - (-9 - -3))/((-1)/(-7)). Calculate the greatest common divisor of 7 and q.
7
Let u be 2/(-8) + 2/8. Suppose -2*d + 23 - 1 = u. What is the greatest common factor of d and 11?
11
Let z(k) = 2*k**2 + 2*k. Let q be z(-1). Suppose 2*a - a = q. Suppose a = 3*g - 17 - 22. What is the greatest common divisor of 52 and g?
13
Suppose 0 = 3*i - 1071 - 60. Calculate the highest common factor of 203 and i.
29
Let c(b) = -2*b**2 - 3*b + 7. Let j be c(-3). Let i be (21/j)/((16/4)/(-8)). Calculate the highest common divisor of i and 168.
21
Let x be (2 - (8 + -2)) + 59. Suppose 5*u = -3*l + 472 - x, 0 = 5*u - l - 421. What is the greatest common divisor of 56 and u?
28
Let w = 12 + -7. Suppose -16 = -5*v + 3*o, -w*o - 4 = -4*v + 14. Suppose g = v*f - g - 210, -3*g = 4*f - 385. Calculate the greatest common factor of f and 40.
20
Let o = 512 - 383. What is the greatest common divisor of 215 and o?
43
Let r be (-148)/(-28) + (9/(-7) - -1). Suppose 85 = b - 3*l, -5*b + 169 = -r*l - 266. What is the greatest common factor of b and 22?
22
Let l be 1168/56 - 2/(-14). Calculate the highest common divisor of 105 and l.
21
Suppose -897 = -6*d + 3. Calculate the greatest common divisor of 5 and d.
5
Let a = 1322 - 1319. What is the highest common divisor of a and 165?
3
Let c(r) = -27*r + 75. Let i(q) = 188*q - 524. Let a(n) = 20*c(n) + 3*i(n). Let h be a(12). What is the greatest common factor of 27 and h?
27
Let n be (-3)/((-3)/2) - -2. Suppose -5*b = 3*q - 5 - 11, -3*b = -5*q + n. Suppose 3*a = -q*a + 560. What is the greatest common factor of 14 and a?
14
Let y(g) = g**3 + 32*g**2 - 38*g - 33. Let a be y(-33). What is the greatest common factor of 96 and a?
12
Suppose -2*x = -5*q - 555, -2*x - 2*x = -q - 93. Let r = 201 + q. Calculate the highest common divisor of r and 22.
22
Let r(f) = f**3 + 14*f**2 + 8*f - 9. Let l be r(-9). Suppose -52*b + 49*b + l = 0. What is the greatest common factor of 72 and b?
36
Let i be (6 - (11 - 4))/((-3)/39). Calculate the highest common divisor of 1079 and i.
13
Let p be 2 - (-7 + 3) - -4. Let q be (-8)/3*15/(-4). What is the highest common factor of p and q?
10
Suppose 37*y - 926 - 628 = 0. Calculate the greatest common factor of 210 and y.
42
Let h be 9/(27/42)*1. What is th